{"id":175,"date":"2021-01-04T00:16:55","date_gmt":"2021-01-03T23:16:55","guid":{"rendered":"https:\/\/marketingprawnikow.pl\/sklep\/?post_type=product&#038;p=175"},"modified":"2025-05-06T12:45:35","modified_gmt":"2025-05-06T10:45:35","slug":"insta-stories-pomysly-i-triki","status":"publish","type":"product","link":"https:\/\/marketingprawnikow.pl\/sklep\/produkt\/insta-stories-pomysly-i-triki\/","title":{"rendered":"Insta Stories &#8211; pomys\u0142y i triki"},"content":{"rendered":"","protected":false},"excerpt":{"rendered":"<p>Mini-ebook, z kt\u00f3rego nauczysz si\u0119 tworzy\u0107 estetyczne, kreatywne i anga\u017cuj\u0105ce Insta Stories. <strong>Dodatkowo zawiera przyk\u0142adowy plan publikacji Stories na 30 dni!<\/strong><\/p>\n<p>E-book sk\u0142ada si\u0119 z 46 stron.<\/p>\n","protected":false},"featured_media":193,"comment_status":"open","ping_status":"closed","template":"","meta":{"spay_email":""},"product_cat":[20],"product_tag":[],"yoast_head":"<!-- This site is optimized with the Yoast SEO plugin v17.6 - https:\/\/yoast.com\/wordpress\/plugins\/seo\/ -->\n<title>Insta Stories - pomys\u0142y i triki - Marketing Prawnik\u00f3w - Sklep<\/title>\n<meta name=\"robots\" content=\"index, follow, max-snippet:-1, max-image-preview:large, max-video-preview:-1\" \/>\n<link rel=\"canonical\" href=\"https:\/\/marketingprawnikow.pl\/sklep\/produkt\/insta-stories-pomysly-i-triki\/\" \/>\n<meta property=\"og:locale\" content=\"pl_PL\" \/>\n<meta property=\"og:type\" content=\"article\" \/>\n<meta property=\"og:title\" content=\"Insta Stories - pomys\u0142y i triki - Marketing Prawnik\u00f3w - Sklep\" \/>\n<meta property=\"og:description\" content=\"Mini-ebook, z kt\u00f3rego nauczysz si\u0119 tworzy\u0107 estetyczne, kreatywne i anga\u017cuj\u0105ce Insta Stories. Dodatkowo zawiera przyk\u0142adowy plan publikacji Stories na 30 dni!  E-book sk\u0142ada si\u0119 z 46 stron.\" \/>\n<meta property=\"og:url\" content=\"https:\/\/marketingprawnikow.pl\/sklep\/produkt\/insta-stories-pomysly-i-triki\/\" \/>\n<meta property=\"og:site_name\" content=\"Marketing Prawnik\u00f3w - Sklep\" \/>\n<meta property=\"article:modified_time\" content=\"2025-05-06T10:45:35+00:00\" \/>\n<meta property=\"og:image\" content=\"https:\/\/marketingprawnikow.pl\/sklep\/wp-content\/uploads\/sites\/2\/2021\/01\/3.png\" \/>\n\t<meta property=\"og:image:width\" content=\"900\" \/>\n\t<meta property=\"og:image:height\" content=\"900\" \/>\n<meta name=\"twitter:card\" content=\"summary_large_image\" \/>\n<script type=\"application\/ld+json\" class=\"yoast-schema-graph\">{\"@context\":\"https:\/\/schema.org\",\"@graph\":[{\"@type\":\"WebSite\",\"@id\":\"https:\/\/marketingprawnikow.pl\/sklep\/#website\",\"url\":\"https:\/\/marketingprawnikow.pl\/sklep\/\",\"name\":\"Marketing Prawnik\\u00f3w - Sklep\",\"description\":\"\",\"potentialAction\":[{\"@type\":\"SearchAction\",\"target\":{\"@type\":\"EntryPoint\",\"urlTemplate\":\"https:\/\/marketingprawnikow.pl\/sklep\/?s={search_term_string}\"},\"query-input\":\"required name=search_term_string\"}],\"inLanguage\":\"pl-PL\"},{\"@type\":\"ImageObject\",\"@id\":\"https:\/\/marketingprawnikow.pl\/sklep\/produkt\/insta-stories-pomysly-i-triki\/#primaryimage\",\"inLanguage\":\"pl-PL\",\"url\":\"https:\/\/marketingprawnikow.pl\/sklep\/wp-content\/uploads\/sites\/2\/2021\/01\/3.png\",\"contentUrl\":\"https:\/\/marketingprawnikow.pl\/sklep\/wp-content\/uploads\/sites\/2\/2021\/01\/3.png\",\"width\":900,\"height\":900},{\"@type\":\"WebPage\",\"@id\":\"https:\/\/marketingprawnikow.pl\/sklep\/produkt\/insta-stories-pomysly-i-triki\/#webpage\",\"url\":\"https:\/\/marketingprawnikow.pl\/sklep\/produkt\/insta-stories-pomysly-i-triki\/\",\"name\":\"Insta Stories - pomys\\u0142y i triki - Marketing Prawnik\\u00f3w - Sklep\",\"isPartOf\":{\"@id\":\"https:\/\/marketingprawnikow.pl\/sklep\/#website\"},\"primaryImageOfPage\":{\"@id\":\"https:\/\/marketingprawnikow.pl\/sklep\/produkt\/insta-stories-pomysly-i-triki\/#primaryimage\"},\"datePublished\":\"2021-01-03T23:16:55+00:00\",\"dateModified\":\"2025-05-06T10:45:35+00:00\",\"breadcrumb\":{\"@id\":\"https:\/\/marketingprawnikow.pl\/sklep\/produkt\/insta-stories-pomysly-i-triki\/#breadcrumb\"},\"inLanguage\":\"pl-PL\",\"potentialAction\":[{\"@type\":\"ReadAction\",\"target\":[\"https:\/\/marketingprawnikow.pl\/sklep\/produkt\/insta-stories-pomysly-i-triki\/\"]}]},{\"@type\":\"BreadcrumbList\",\"@id\":\"https:\/\/marketingprawnikow.pl\/sklep\/produkt\/insta-stories-pomysly-i-triki\/#breadcrumb\",\"itemListElement\":[{\"@type\":\"ListItem\",\"position\":1,\"name\":\"Strona g\\u0142\\u00f3wna\",\"item\":\"https:\/\/marketingprawnikow.pl\/sklep\/\"},{\"@type\":\"ListItem\",\"position\":2,\"name\":\"Sklep\",\"item\":\"https:\/\/marketingprawnikow.pl\/sklep\/\"},{\"@type\":\"ListItem\",\"position\":3,\"name\":\"Insta Stories &#8211; pomys\\u0142y i triki\"}]}]}<\/script>\n<!-- \/ Yoast SEO plugin. -->","yoast_head_json":{"title":"Insta Stories - pomys\u0142y i triki - Marketing Prawnik\u00f3w - Sklep","robots":{"index":"index","follow":"follow","max-snippet":"max-snippet:-1","max-image-preview":"max-image-preview:large","max-video-preview":"max-video-preview:-1"},"canonical":"https:\/\/marketingprawnikow.pl\/sklep\/produkt\/insta-stories-pomysly-i-triki\/","og_locale":"pl_PL","og_type":"article","og_title":"Insta Stories - pomys\u0142y i triki - Marketing Prawnik\u00f3w - Sklep","og_description":"Mini-ebook, z kt\u00f3rego nauczysz si\u0119 tworzy\u0107 estetyczne, kreatywne i anga\u017cuj\u0105ce Insta Stories. Dodatkowo zawiera przyk\u0142adowy plan publikacji Stories na 30 dni!  E-book sk\u0142ada si\u0119 z 46 stron.","og_url":"https:\/\/marketingprawnikow.pl\/sklep\/produkt\/insta-stories-pomysly-i-triki\/","og_site_name":"Marketing Prawnik\u00f3w - Sklep","article_modified_time":"2025-05-06T10:45:35+00:00","og_image":[{"width":900,"height":900,"url":"https:\/\/marketingprawnikow.pl\/sklep\/wp-content\/uploads\/sites\/2\/2021\/01\/3.png","type":"image\/png"}],"twitter_card":"summary_large_image","schema":{"@context":"https:\/\/schema.org","@graph":[{"@type":"WebSite","@id":"https:\/\/marketingprawnikow.pl\/sklep\/#website","url":"https:\/\/marketingprawnikow.pl\/sklep\/","name":"Marketing Prawnik\u00f3w - Sklep","description":"","potentialAction":[{"@type":"SearchAction","target":{"@type":"EntryPoint","urlTemplate":"https:\/\/marketingprawnikow.pl\/sklep\/?s={search_term_string}"},"query-input":"required name=search_term_string"}],"inLanguage":"pl-PL"},{"@type":"ImageObject","@id":"https:\/\/marketingprawnikow.pl\/sklep\/produkt\/insta-stories-pomysly-i-triki\/#primaryimage","inLanguage":"pl-PL","url":"https:\/\/marketingprawnikow.pl\/sklep\/wp-content\/uploads\/sites\/2\/2021\/01\/3.png","contentUrl":"https:\/\/marketingprawnikow.pl\/sklep\/wp-content\/uploads\/sites\/2\/2021\/01\/3.png","width":900,"height":900},{"@type":"WebPage","@id":"https:\/\/marketingprawnikow.pl\/sklep\/produkt\/insta-stories-pomysly-i-triki\/#webpage","url":"https:\/\/marketingprawnikow.pl\/sklep\/produkt\/insta-stories-pomysly-i-triki\/","name":"Insta Stories - pomys\u0142y i triki - Marketing Prawnik\u00f3w - Sklep","isPartOf":{"@id":"https:\/\/marketingprawnikow.pl\/sklep\/#website"},"primaryImageOfPage":{"@id":"https:\/\/marketingprawnikow.pl\/sklep\/produkt\/insta-stories-pomysly-i-triki\/#primaryimage"},"datePublished":"2021-01-03T23:16:55+00:00","dateModified":"2025-05-06T10:45:35+00:00","breadcrumb":{"@id":"https:\/\/marketingprawnikow.pl\/sklep\/produkt\/insta-stories-pomysly-i-triki\/#breadcrumb"},"inLanguage":"pl-PL","potentialAction":[{"@type":"ReadAction","target":["https:\/\/marketingprawnikow.pl\/sklep\/produkt\/insta-stories-pomysly-i-triki\/"]}]},{"@type":"BreadcrumbList","@id":"https:\/\/marketingprawnikow.pl\/sklep\/produkt\/insta-stories-pomysly-i-triki\/#breadcrumb","itemListElement":[{"@type":"ListItem","position":1,"name":"Strona g\u0142\u00f3wna","item":"https:\/\/marketingprawnikow.pl\/sklep\/"},{"@type":"ListItem","position":2,"name":"Sklep","item":"https:\/\/marketingprawnikow.pl\/sklep\/"},{"@type":"ListItem","position":3,"name":"Insta Stories &#8211; pomys\u0142y i triki"}]}]}},"_links":{"self":[{"href":"https:\/\/marketingprawnikow.pl\/sklep\/wp-json\/wp\/v2\/product\/175"}],"collection":[{"href":"https:\/\/marketingprawnikow.pl\/sklep\/wp-json\/wp\/v2\/product"}],"about":[{"href":"https:\/\/marketingprawnikow.pl\/sklep\/wp-json\/wp\/v2\/types\/product"}],"replies":[{"embeddable":true,"href":"https:\/\/marketingprawnikow.pl\/sklep\/wp-json\/wp\/v2\/comments?post=175"}],"wp:featuredmedia":[{"embeddable":true,"href":"https:\/\/marketingprawnikow.pl\/sklep\/wp-json\/wp\/v2\/media\/193"}],"wp:attachment":[{"href":"https:\/\/marketingprawnikow.pl\/sklep\/wp-json\/wp\/v2\/media?parent=175"}],"wp:term":[{"taxonomy":"product_cat","embeddable":true,"href":"https:\/\/marketingprawnikow.pl\/sklep\/wp-json\/wp\/v2\/product_cat?post=175"},{"taxonomy":"product_tag","embeddable":true,"href":"https:\/\/marketingprawnikow.pl\/sklep\/wp-json\/wp\/v2\/product_tag?post=175"}],"curies":[{"name":"wp","href":"https:\/\/api.w.org\/{rel}","templated":true}]}}